 4. Let c(v) = t*k(v) + 3*x(v). Let o be (-3)/2*4/(-6). Give c(o).
-1
Let d(f) = 11 - 142*f + 73*f + 71*f. Determine d(-9).
-7
Let t(p) be the first derivative of -p**4/4 + p**3/3 + p**2/2 + p - 2. Give t(2).
-1
Let f be 15/3 - (-35)/(-7). Let j(g) be the third derivative of g**2 + 1/60*g**5 + f + 7/6*g**3 + 0*g + 5/24*g**4. Give j(-5).
7
Let d(o) = 5*o**2 + 11*o - 8. Suppose 0*m + 4*p = -3*m + 41, 2*m - 4*p - 14 = 0. Let z(h) = 2*h**2 + 4*h - 3. Let q(t) = m*z(t) - 4*d(t). Calculate q(2).
7
Suppose 5*c = 5*r - 39 + 14, -4*r + 16 = 0. Let u be (c/(-3))/((-4)/12). Let z(q) = -5*q**3 + q**2 + 2*q + 1. Determine z(u).
5
Suppose 0*d + 2*d = 0. Let l(c) = c + 3. Let s be l(d). Let t(h) = 1 - 5 + h + 0 + s. Give t(-3).
-4
Let u(r) = -r**3 - 6*r**2 + r + 4. Let j be u(-6). Let z(o) = o**2 + o. Let m(p) = -p**3 - p**2 + p + 2. Let y(t) = -m(t) - 2*z(t). What is y(j)?
-8
Let y be ((-2)/(-4))/(3/18). Let z(f) = 0*f**3 + 0 - 2*f**3 + 3*f**y + 5*f**2 - 2*f - 3. What is z(-5)?
7
Let i(s) = -s - 1. Let v(q) = 4*q - 1. Let w(c) = -3*i(c) - v(c). What is w(4)?
0
Let z(n) = -n**2 - 6*n + 5. Let x be 2/8 + (-258)/(-24). Suppose -5*f - x - 14 = 0. Give z(f).
10
Let l(w) be the first derivative of 15 + 2*w**3 - 5*w + 4*w - 8 - 10. Give l(-1).
5
Let u = 8 - 7. Let q(v) = -2*v + v**2 + 3*v + u + v. Let s be q(-1). Let i(l) = l**2 - l + 10. Determine i(s).
10
Let b(i) = 3*i - 3. Let v(r) = -r + 0 + 20 - 1 + 2*r. Let d be v(-16). Calculate b(d).
6
Let f(m) = -m**3 + 8*m**2 + 9*m + 10. Let l be ((-18)/(-10))/(-2*1/(-10)). What is f(l)?
10
Let z(m) = 2*m + 9. Let j = 7 + -13. Determine z(j).
-3
Let g(a) = -4*a + 2. Let w(b) = b. Let o(x) = -g(x) - 3*w(x). Determine o(-2).
-4
Let i(l) be the third derivative of l**6/120 - l**5/20 + l**4/8 + 2*l**2. Let t be i(2). Let y(g) = 3*g + g**2 + t*g + 0 + g + 4. Give y(-4).
-4
Let t(w) be the third derivative of w**4/8 + 2*w**3/3 + 25*w**2. What is t(4)?
16
Let h(v) = -v + 5. Suppose 3*w = f + 2 + 5, -2*w - 4*f = -14. Suppose 3*k = w*x + 36, -4*k - x = -k - 16. Give h(k).
-2
Let h be (6/(-18))/((-1)/3). Let k(u) = -3 - 3*u - h + 4*u - 1. Let j be (1 + -1)*(-1)/2. What is k(j)?
-5
Let a be (-4)/(-2 - -1) + 9/(-3). Let c(j) = 6*j - 1. Calculate c(a).
5
Let g(q) = 5*q**3 - 5*q**2 + 12*q + 5. Let s(x) = x**3 + x + 1. Let i(h) = g(h) - 6*s(h). What is i(-6)?
-1
Let q(r) = -4*r - 1. Suppose 2*z = -0*z + 4. Let g be (-16)/(-3) - z/6. Suppose 0 = g*v - 6 + 1. Give q(v).
-5
Let b = -2 - -5. Suppose -b*q = q - 16. Let h(s) be the second derivative of s**3/6 - 3*s**2/2 + s. What is h(q)?
1
Let t(b) = -5*b**3 + 12*b. Let j(d) = 9*d**3 - d**2 - 23*d. Let s(l) = 6*j(l) + 11*t(l). Let k(y) = -y**3 - 9*y**2 - 14*y - 4. Let v be k(-7). Determine s(v).
-8
Let m(d) = -16*d - 1. Let x be 2/(-6) - 14/21. Calculate m(x).
15
Suppose 0*y + 2*y = 0. Suppose 0 = 4*f - 2*g - g + 8, 5*f + g - 9 = y. Let t(u) = 7*u. Determine t(f).
7
Suppose 0 = 2*w - 4*w + 4. Suppose 0*s + 2 = -2*s. Let q(f) = -2*f + 6. Let r(z) = 1. Let a(n) = s*q(n) + 5*r(n). Calculate a(w).
3
Let g(t) = 11*t**3 + t**2 - t. Let h(a) = 2*a - 3. Let p be h(3). Suppose p*y = 2*y + 1. Determine g(y).
11
Let q be ((-16)/12)/(2/(-3)). Let p(s) = s - 2 + 4*s - 2*s - q*s. Let u be 7 + (2 - (0 - -3)). Calculate p(u).
4
Suppose -4*p + 0*p = 4*f + 24, -6 = 2*p. Let q(w) = 4 - 1 + 1 + 2*w. Give q(f).
-2
Let k(r) = 0*r + 60 - 57 - r - r. Suppose 4*f = l - 4*l + 26, -4*f + 14 = -3*l. Give k(l).
-1
Let m be 16/5*(-15)/(-6). Suppose 5*y = -5*q + 19 + 11, -4*y = m. Let t(r) = -q*r + 2 - 2 + 6*r. Determine t(-3).
6
Let s(w) = -w + 6. Let d be s(3). Let z(k) = 0 - 6 + k**3 - k**2 + 8 - d*k. Determine z(2).
0
Suppose -25 = -2*z - 3*z. Suppose -3*c + 27 = 5*l, l - 5*c = 2*l - 23. Let g(f) = l - 5*f - 2*f**2 + 3*f**2 - 2*f. Determine g(z).
-7
Let u(j) = -j**3 + 2*j**2 - 1. Let w be (2/6)/((-2)/6). Let k(x) = -x**3 - x**2 - x. Let i be k(w). Give u(i).
0
Let b = 0 - -3. Suppose b*a = -2*a. Let c be 2 - 2/6*a. Let o(z) = 2*z**2 - 2*z. Give o(c).
4
Suppose -1 - 4 = 5*x. Let a(n) = -2*n**2 - 9 - 3*n**3 + 1 - n**3 + 9. Calculate a(x).
3
Let b(v) = 6*v. Suppose -h = -3*h + 4. Let x be (-10)/(-14) + h/7. Let o be (x - 2) + 2 - 2. Calculate b(o).
-6
Let r = -17 + 19. Let n(s) = -6*s + 3. What is n(r)?
-9
Let l(h) be the first derivative of -h**4/4 - h**3 + h**2/2 - h + 4. Give l(-3).
-4
Let s(i) = 33 + i - 28 + i. Calculate s(6).
17
Let a(y) = -y. Let p(j) = j - 3. Let q(s) = 3*a(s) + p(s). Suppose -48 = -22*m + 10*m. Give q(m).
-11
Let j(l) = l**2 - 7*l - 4. Let h be j(7). Let g(t) be the second derivative of t**3/6 + 3*t**2/2 + 3*t. Calculate g(h).
-1
Let b(d) = -d + 4*d - 2*d - 3. Calculate b(5).
2
Let k = 55 + -53. Let h(d) be the second derivative of -d**4/6 - d**3/2 + d**2 - 2*d. What is h(k)?
-12
Let w(x) = 7*x + 2. Let t(u) = -2*u + 5. Let a(p) = p - 2. Let d(q) = 5*a(q) + 2*t(q). Let o(z) = 6*d(z) - w(z). What is o(-5)?
3
Let l be 4 + (-2 - 0) + -7. Let y(t) be the third derivative of t**4/24 - 2*t**3/3 + 45*t**2. Give y(l).
-9
Let q(m) = -m**2 - 1. Let z be q(2). Let c(t) = -t**2 - 4*t - 5. Let i(s) = s**2 + 3*s + 5. Let u(a) = -3*c(a) - 2*i(a). What is u(z)?
0
Let s = 7 - 4. Suppose -2*r + t + 2 = s, -3*t = -15. Let y(q) = -4*q + 0 - 3*q**r + q**3 - 3 + 7*q. What is y(3)?
6
Let c(x) be the second derivative of -x + 1/6*x**3 + 3/2*x**2 + 0. Give c(-4).
-1
Suppose 3 + 3 = -3*h. Let l be -3*(4/3)/h. Let i(q) = -1 + q - 2*q**l + 2*q**2 + q**2 - 2*q. Calculate i(0).
-1
Let a(s) = -3 - 2*s**2 + 4 + 0. Let i be (-1 - 1 - -24)/(-2). Let t = -12 - i. Determine a(t).
-1
Let w(i) = 7*i**3 - 10*i**2 + i + 4. Let o(l) = -4*l**3 + 5*l**2 - l - 2. Let f(r) = 5*o(r) + 3*w(r). Determine f(5).
-8
Suppose -y = 5*l - 6*y + 10, 15 = 3*y. Suppose -l*s = -2*s + z, -2*s - 30 = -4*z. Let k(j) = -j**2 - 7*j - 6. Determine k(s).
4
Suppose -5 = 2*d - 9. Let a = d - 0. Let r = -6 + a. Let i(w) = -w**3 - 5*w**2 - 3*w. Give i(r).
-4
Let s(p) = 3*p**2 + p + 1. Suppose 0 = -b + 1 - 0. Let o = b - 2. What is s(o)?
3
Let c(s) = -s**3 + 5*s**2 + 2*s - 3. Let u(r) = -3*r**3 + 10*r**2 + 5*r - 7. Let i(l) = 5*c(l) - 2*u(l). Give i(-5).
-1
Let s(k) = -2*k + 26. Let u be s(13). Let n(i) = 5*i**2 + 5*i - 22. Let v(o) = -2*o**2 - 2*o + 7. Let p(a) = 3*n(a) + 8*v(a). What is p(u)?
-10
Let c be 172/16 - (-2)/8. Let a = c - 6. Let i(t) = -1. Let q(v) = -v**2 + 4*v + 1. Let l(p) = 3*i(p) - q(p). Determine l(a).
1
Let p(v) = -v + 6. Let x be p(10). Let q(i) = -i. Determine q(x).
4
Let g(m) = m**2 - 4. Let t be g(-3). Let h(q) = q**3 - 4*q**2 - 4*q - 6. Calculate h(t).
-1
Let z be (7 - 3) + -43 + -1. Let n be (-8)/z - (-32)/(-10). Let a(o) = -o**2 - 6*o - 3. Give a(n).
6
Let x(w) = 0 - 7*w + 5 - 1 - 11*w**2 + 6*w**2 + w**3. Calculate x(6).
-2
Let h(b) = -b**3 - 6*b**2 - 6*b - 5. Suppose -3*o + 3 = -3*x + 18, 21 = 5*x - o. Suppose 5*t + 12 = -x*s - 25, -9 = 3*s. Give h(t).
0
Let w be (-9)/2*(-4)/6. Let s(g) = -2*g**w + 3 + 5*g**2 + 3*g**3 - 2*g**2 - 4*g + 0*g**2. Give s(-4).
3
Let w(j) = -11*j - 5. Let z(y) = 5*y + 2. Let u(g) = 3*w(g) + 7*z(g). Calculate u(4).
7
Let r(o) = o + 10. Let c be r(-16). Let w(i) = 3 - i - i - 10. Give w(c).
5
Let x(v) = v + 2. Let d(t) = t**3 + 8*t**2 - 2*t - 12. Suppose -2*u - 20 = -7*u. Suppose m + 2*l + 14 = 0, -5*l - 19 = m + u. Let h be d(m). Calculate x(h).
6
Let m(a) = -a**3 + 2*a**2 + 4*a - 1. Let v(y) = -y**3 + 9*y**2 - y + 12. Let n be (6/(-4))/((-1)/6). Let g be v(n). Determine m(g).
2
Let k = -34 - -31. Let t(l) be the third derivative of 0 + 2*l**2 + 0*l - 2/3*l**3 + 1/8*l**4 + 1/60*l**5. What is t(k)?
-4
Let d(k) = -1 + 0*k + 0*k + 2*k. Determine d(4).
7
Let q(n) = n**2 - 5*n - 8. Let y(j) = 3*j**2 - 9*j - 17. Let i(c) = 5*q(c) - 2*y(c). Let d(p) = -p**3 + p**2 - 5. Let u be d(0). Calculate i(u).
4
Let a = 3 + -1. Let y(t) = 2 + 0*t**2 - 4*t**2 + 5*t**2 + a*t. Suppose 8 = -4*z - 8. What is y(z)?
10
Let x(f) = 5*f - 3. Let c(o) = -3*o + 1. Let z(p) = -7*c(p) - 4*x(p). Let w = 10 + -7. Suppose -20 = w*j + 2*j. Determine z(j).
1
Suppose 0 = -p + 23 - 20. Let n(w) = w**3 - 4*w**2 + 4*w - 3. Determine n(p).
0
Let m(y) = 42 - 2*y**3 - 5*y**2 - 47 - 6*y + 3*y**3. Calculate m(6).
-5
Let w(q) be the second derivative of q**3 + q**2/2 - 7*q. Determine w(2).
13
Let g(w) = 10*w**3 + w**2 + w. Suppose 6 + 2 = 4*u. Suppos